alculate the greatest common factor of 28443 and 57.
57
What is the greatest common divisor of 455 and 975?
65
What is the highest common factor of 64 and 24?
8
What is the greatest common divisor of 56 and 7?
7
Calculate the highest common divisor of 350 and 200.
50
Calculate the highest common factor of 6 and 3750.
6
What is the highest common divisor of 442 and 208?
26
Calculate the greatest common factor of 147 and 105.
21
What is the highest common factor of 318 and 48?
6
Calculate the highest common divisor of 5524 and 4.
4
What is the greatest common divisor of 13547 and 62?
31
Calculate the highest common divisor of 33 and 33.
33
Calculate the highest common factor of 64 and 72.
8
Calculate the highest common divisor of 205 and 270.
5
Calculate the greatest common factor of 56 and 644.
28
Calculate the highest common divisor of 57 and 5472.
57
Calculate the highest common factor of 2992 and 17.
17
What is the highest common factor of 72 and 224?
8
Calculate the greatest common divisor of 156 and 2796.
12
What is the highest common divisor of 79 and 1?
1
Calculate the greatest common divisor of 4 and 5152.
4
What is the greatest common factor of 38 and 778?
2
What is the highest common factor of 2483 and 13?
13
Calculate the highest common factor of 644 and 276.
92
Calculate the highest common divisor of 260 and 180.
20
Calculate the greatest common factor of 56 and 616.
56
What is the greatest common factor of 210 and 60?
30
Calculate the greatest common factor of 837 and 217.
31
What is the highest common divisor of 64 and 2784?
32
What is the highest common divisor of 420 and 20685?
105
Calculate the greatest common divisor of 315 and 63.
63
What is the greatest common divisor of 1947 and 33?
33
Calculate the greatest common divisor of 1040 and 80.
80
What is the highest common factor of 408 and 48?
24
What is the highest common factor of 2 and 64?
2
Calculate the highest common divisor of 83 and 4067.
83
Calculate the greatest common factor of 27 and 252.
9
What is the highest common factor of 192 and 60?
12
What is the highest common divisor of 9164 and 87?
29
What is the highest common divisor of 68 and 1836?
68
Calculate the highest common divisor of 3872 and 64.
32
What is the highest common divisor of 318 and 477?
159
Calculate the greatest common factor of 18 and 1314.
18
Calculate the highest common divisor of 286 and 22.
22
What is the greatest common divisor of 320 and 280?
40
Calculate the greatest common factor of 63300 and 75.
75
What is the greatest common factor of 2 and 46?
2
What is the greatest common factor of 648 and 2904?
24
Calculate the highest common divisor of 98 and 98.
98
What is the greatest common factor of 4893 and 233?
233
Calculate the greatest common factor of 5 and 160.
5
What is the highest common factor of 88 and 440?
88
What is the greatest common divisor of 87 and 3741?
87
Calculate the greatest common divisor of 8 and 49208.
8
Calculate the highest common divisor of 352 and 2068.
44
Calculate the greatest common divisor of 36 and 90.
18
What is the greatest common divisor of 2409 and 146?
73
Calculate the highest common divisor of 7 and 2681.
7
What is the greatest common divisor of 1834 and 14?
14
What is the highest common factor of 70 and 98?
14
What is the highest common divisor of 40 and 110?
10
Calculate the highest common divisor of 53 and 1007.
53
Calculate the greatest common factor of 235 and 1060.
5
Calculate the greatest common divisor of 30 and 200.
10
What is the highest common factor of 29 and 9773?
29
What is the highest common divisor of 64 and 3536?
16
What is the greatest common divisor of 140 and 245?
35
What is the greatest common factor of 34619 and 26?
13
Calculate the highest common divisor of 7284 and 36.
12
What is the highest common divisor of 315 and 9?
9
What is the highest common divisor of 41 and 2337?
41
Calculate the greatest common factor of 187 and 8789.
187
What is the greatest common factor of 1088 and 1054?
34
What is the greatest common factor of 324 and 12?
12
Calculate the greatest common factor of 3087 and 9.
9
What is the greatest common factor of 83 and 332?
83
What is the greatest common divisor of 7 and 8?
1
Calculate the greatest common factor of 58 and 32.
2
What is the greatest common factor of 4508 and 460?
92
Calculate the highest common factor of 20 and 4090.
10
What is the highest common divisor of 480 and 810?
30
What is the greatest common divisor of 60 and 140?
20
What is the highest common divisor of 23 and 115?
23
What is the greatest common factor of 39 and 47307?
39
Calculate the greatest common divisor of 57 and 4161.
57
What is the greatest common divisor of 42 and 224?
14
Calculate the highest common divisor of 130 and 3536.
26
What is the greatest common divisor of 1589 and 28?
7
Calculate the greatest common factor of 84 and 105.
21
What is the highest common divisor of 216 and 3600?
72
What is the highest common divisor of 1450 and 116?
58
Calculate the greatest common divisor of 219 and 292.
73
Calculate the highest common factor of 67 and 4087.
67
Calculate the greatest common divisor of 12 and 36.
12
Calculate the greatest common factor of 135 and 2511.
27
What is the highest common factor of 44 and 341?
11
Calculate the greatest common divisor of 105 and 777.
21
Calculate the greatest common divisor of 3045 and 84.
21
Calculate the highest common divisor of 2 and 8.
2
What is the greatest common factor of 3587 and 1688?
211
Calculate the greatest common divisor of 8838 and 36.
18
Calculate the greatest common divisor of 261 and 44109.
261
Calculate the highest common divisor of 4 and 3044.
4
Calculate the greatest common factor of 418 and 19.
19
Calculate the highest common factor of 7857 and 567.
81
Calculate the highest common factor of 152 and 418.
38
Calculate the greatest common divisor of 520 and 455.
65
What is the greatest common factor of 6695 and 715?
65
Calculate the greatest common factor of 54 and 2322.
54
Calculate the greatest common divisor of 34 and 119.
17
What is the greatest common factor of 33 and 5676?
33
What is the highest common factor of 492 and 228?
12
What is the greatest common divisor of 2782 and 1926?
214
What is the greatest common divisor of 125 and 50?
25
Calculate the greatest common factor of 22 and 759.
11
What is the highest common factor of 1100 and 220?
220
Calculate the highest common factor of 432 and 6.
6
Calculate the highest common factor of 370 and 50.
10
What is the greatest common divisor of 1892 and 132?
44
What is the greatest common divisor of 69 and 345?
69
What is the highest common factor of 29646 and 24?
6
Calculate the highest common divisor of 7682 and 46.
46
Calculate the highest common divisor of 243 and 54.
27
Calculate the highest common divisor of 6872 and 8.
8
What is the highest common factor of 69 and 23?
23
What is the greatest common divisor of 33 and 902?
11
Calculate the highest common divisor of 34 and 187.
17
What is the highest common factor of 924 and 1092?
84
Calculate the highest common factor of 20 and 820.
20
What is the highest common divisor of 387 and 86?
43
Calculate the greatest common factor of 36 and 630.
18
Calculate the highest common divisor of 924 and 1749.
33
Calculate the highest common factor of 34 and 1122.
34
Calculate the greatest common divisor of 270 and 25.
5
What is the highest common factor of 36 and 684?
36
What is the greatest common divisor of 198 and 162?
18
What is the highest common factor of 774 and 430?
86
Calculate the greatest common factor of 135 and 54.
27
Calculate the greatest common divisor of 333 and 444.
111
What is the greatest common divisor of 323 and 187?
17
Calculate the greatest common factor of 330 and 1870.
110
What is the highest common factor of 19203 and 111?
111
What is the greatest common factor of 210 and 28?
14
What is the greatest common factor of 108 and 297?
27
What is the greatest common divisor of 132 and 4818?
66
What is the highest common divisor of 399 and 70?
7
Calculate the greatest common divisor of 17 and 71.
1
Calculate the greatest common factor of 399 and 21.
21
What is the highest common factor of 5 and 20?
5
Calculate the greatest common divisor of 45 and 1.
1
What is the grea